{"id":14794,"date":"2022-08-19T07:35:41","date_gmt":"2022-08-19T07:35:41","guid":{"rendered":"https:\/\/www.tenyutool.com\/?post_type=product&#038;p=14794"},"modified":"2022-08-19T07:39:21","modified_gmt":"2022-08-19T07:39:21","slug":"broca-larga-flexible-para-cableado","status":"publish","type":"product","link":"https:\/\/www.tenyutool.com\/espanol\/product\/long-flexible-drill-bit-for-wiring\/","title":{"rendered":"Broca de barrena flexible con punta de tornillo de 1\/2 pulgada x 72 pulgadas de largo Broca de cable flexible Broca de pescado para tirar de alambre detr\u00e1s de las paredes"},"content":{"rendered":"<p>Rasgo:<\/p>\n<ul>\n<li>Broca flexible que puede ayudarlo a perforar agujeros en la madera dentro de una pared.<\/li>\n<li>Cuenta con una punta de punta de tornillo que tira de la broca a trav\u00e9s de la madera.<\/li>\n<li>Un orificio conveniente en la punta que permite su uso con empu\u00f1aduras para tirar de cables o alambres.<\/li>\n<li>La parte posterior c\u00f3nica de la broca facilita la recuperaci\u00f3n y el eje de acero para resortes resiste la deformaci\u00f3n.<\/li>\n<li>La broca tiene 1\/2 pulgada de di\u00e1metro y 72 pulgadas de largo.<\/li>\n<\/ul>\n<figure id=\"attachment_14796\" aria-describedby=\"caption-attachment-14796\" style=\"width: 800px\" class=\"wp-caption alignnone\"><img fetchpriority=\"high\" decoding=\"async\" class=\"size-full wp-image-14796\" src=\"https:\/\/www.tenyutool.com\/wp-content\/uploads\/2022\/08\/Flex-Auger-Bit-with-Screw-Point-0.5Inch-x-72Inch-Long-Flexible-Cable-Drill-Bit-Fish-Bit-for-Pulling-Wire-Behind-Walls.jpg\" alt=\"broca de barrena flexible con punta de tornillo 1\/2 pulgada x 72 pulgadas de largo broca de cable flexible broca de pescado para tirar de alambre detr\u00e1s de las paredes\" width=\"800\" height=\"800\" srcset=\"https:\/\/www.tenyutool.com\/wp-content\/uploads\/2022\/08\/Flex-Auger-Bit-with-Screw-Point-0.5Inch-x-72Inch-Long-Flexible-Cable-Drill-Bit-Fish-Bit-for-Pulling-Wire-Behind-Walls.jpg 800w, https:\/\/www.tenyutool.com\/wp-content\/uploads\/2022\/08\/Flex-Auger-Bit-with-Screw-Point-0.5Inch-x-72Inch-Long-Flexible-Cable-Drill-Bit-Fish-Bit-for-Pulling-Wire-Behind-Walls-150x150.jpg 150w, https:\/\/www.tenyutool.com\/wp-content\/uploads\/2022\/08\/Flex-Auger-Bit-with-Screw-Point-0.5Inch-x-72Inch-Long-Flexible-Cable-Drill-Bit-Fish-Bit-for-Pulling-Wire-Behind-Walls-768x768.jpg 768w, https:\/\/www.tenyutool.com\/wp-content\/uploads\/2022\/08\/Flex-Auger-Bit-with-Screw-Point-0.5Inch-x-72Inch-Long-Flexible-Cable-Drill-Bit-Fish-Bit-for-Pulling-Wire-Behind-Walls-12x12.jpg 12w, https:\/\/www.tenyutool.com\/wp-content\/uploads\/2022\/08\/Flex-Auger-Bit-with-Screw-Point-0.5Inch-x-72Inch-Long-Flexible-Cable-Drill-Bit-Fish-Bit-for-Pulling-Wire-Behind-Walls-300x300.jpg 300w, https:\/\/www.tenyutool.com\/wp-content\/uploads\/2022\/08\/Flex-Auger-Bit-with-Screw-Point-0.5Inch-x-72Inch-Long-Flexible-Cable-Drill-Bit-Fish-Bit-for-Pulling-Wire-Behind-Walls-600x600.jpg 600w, https:\/\/www.tenyutool.com\/wp-content\/uploads\/2022\/08\/Flex-Auger-Bit-with-Screw-Point-0.5Inch-x-72Inch-Long-Flexible-Cable-Drill-Bit-Fish-Bit-for-Pulling-Wire-Behind-Walls-100x100.jpg 100w\" sizes=\"(max-width: 800px) 100vw, 800px\" \/><figcaption id=\"caption-attachment-14796\" class=\"wp-caption-text\">broca de barrena flexible con punta de tornillo 1\/2 pulgada x 72 pulgadas de largo broca de cable flexible broca de pescado para tirar de alambre detr\u00e1s de las paredes<\/figcaption><\/figure>\n<div class=\"mceTemp\">\n<table class=\"has-title hight-light-first-column all magic-4\" style=\"font-size: 16px; font-style: normal;\">\n<tbody>\n<tr>\n<td colspan=\"5\" rowspan=\"1\">\n<div class=\"magic-5\"><span class=\"magic-6\">Descripci\u00f3n del producto<\/span><\/div>\n<\/td>\n<\/tr>\n<tr>\n<td colspan=\"5\" rowspan=\"1\">\n<div class=\"magic-5\"><b><span class=\"magic-11\">M\u00e1s opciones para usted:\u00a0<a href=\"https:\/\/www.tenyutool.com\/espanol\/\" target=\"_blank\" rel=\"noopener\">Hogar<\/a>\u00a0&gt;\u00a0<a href=\"https:\/\/www.tenyutool.com\/espanol\/brocas-para-madera\/\" target=\"_blank\" rel=\"noopener\">Broca para madera<\/a>\u00a0&gt;\u00a0<a href=\"https:\/\/www.tenyutool.com\/espanol\/broca-de-barrena-de-madera\/\" target=\"_blank\" rel=\"noopener\">Broca de barrena de madera<\/a><\/span><\/b><\/div>\n<\/td>\n<\/tr>\n<tr>\n<td colspan=\"1\" rowspan=\"1\">\n<div class=\"magic-12\">nombre del producto<\/div>\n<\/td>\n<td colspan=\"4\" rowspan=\"1\">\n<div class=\"magic-13\" data-spm-anchor-id=\"a2700.details.0.i33.3ea41c75KgF4Wo\">Broca de barrena flexible con punta de tornillo de 1\/2 pulgada x 72 pulgadas de largo Broca de cable flexible Broca de pescado para tirar de alambre detr\u00e1s de las paredes<\/div>\n<\/td>\n<\/tr>\n<tr>\n<td colspan=\"1\" rowspan=\"1\">\n<div class=\"magic-12\">Ca\u00f1a<\/div>\n<\/td>\n<td colspan=\"4\" rowspan=\"1\">\n<div class=\"magic-14\">V\u00e1stago recto<\/div>\n<\/td>\n<\/tr>\n<tr>\n<td colspan=\"1\" rowspan=\"1\">\n<div class=\"magic-12\">Consejo<\/div>\n<\/td>\n<td colspan=\"4\" rowspan=\"1\">\n<div class=\"magic-14\">Punta de punta de tornillo<\/div>\n<\/td>\n<\/tr>\n<tr>\n<td colspan=\"1\" rowspan=\"1\">\n<div class=\"magic-12\">Material de la broca<\/div>\n<\/td>\n<td colspan=\"4\" rowspan=\"1\">\n<div class=\"magic-14\">65 millones<\/div>\n<\/td>\n<\/tr>\n<tr>\n<td colspan=\"1\" rowspan=\"1\">\n<div class=\"magic-12\">Material del v\u00e1stago<\/div>\n<\/td>\n<td colspan=\"4\" rowspan=\"1\">\n<div class=\"magic-14\">Acero para muelles<\/div>\n<\/td>\n<\/tr>\n<tr>\n<td colspan=\"1\" rowspan=\"1\">\n<div class=\"magic-12\">Acabado de la superficie<\/div>\n<\/td>\n<td colspan=\"4\" rowspan=\"1\">\n<div class=\"magic-14\">\u00d3xido negro<\/div>\n<\/td>\n<\/tr>\n<tr>\n<td colspan=\"1\" rowspan=\"1\">\n<div class=\"magic-12\">Paquete<\/div>\n<\/td>\n<td colspan=\"4\" rowspan=\"1\">\n<div class=\"magic-14\">Caja de pl\u00e1stico y bolsa de PVC<\/div>\n<\/td>\n<\/tr>\n<\/tbody>\n<\/table>\n<\/div>\n<table width=\"820\">\n<tbody>\n<tr>\n<td colspan=\"8\" width=\"820\">Tama\u00f1o del producto<\/td>\n<\/tr>\n<tr>\n<td>Pulgadas Tama\u00f1o Di\u00e1metro<\/td>\n<td>Tipo de v\u00e1stago<\/td>\n<td>Tipo de punta<\/td>\n<td>Tama\u00f1o del v\u00e1stago<\/td>\n<td>Di\u00e1metro del eje<\/td>\n<td>Longitud total<\/td>\n<td>Profundidad m\u00e1xima de perforaci\u00f3n<\/td>\n<td>para usado en<\/td>\n<\/tr>\n<tr>\n<td>3\/8&#8243;(0.375&#8243;)<\/td>\n<td>Redondo\/Triplano<\/td>\n<td>Punta de tornillo<\/td>\n<td>3\/16&#8243;<\/td>\n<td>3\/16&#8243;<\/td>\n<td>54&#8243;<\/td>\n<td>53&#8243;<\/td>\n<td>Madera<\/td>\n<\/tr>\n<tr>\n<td>1\/2&#8243;(0.5&#8243;)<\/td>\n<td>Redondo\/Triplano<\/td>\n<td>Punta de tornillo<\/td>\n<td>1\/4&#8243;<\/td>\n<td>3\/16&#8243;<\/td>\n<td>54&#8243;<\/td>\n<td>53&#8243;<\/td>\n<td>Madera<\/td>\n<\/tr>\n<tr>\n<td>9\/16&#8243;(0.5625&#8243;)<\/td>\n<td>Redondo\/Triplano<\/td>\n<td>Punta de tornillo<\/td>\n<td>1\/4&#8243;<\/td>\n<td>3\/16&#8243;<\/td>\n<td>54&#8243;<\/td>\n<td>53&#8243;<\/td>\n<td>Madera<\/td>\n<\/tr>\n<tr>\n<td>5\/8&#8243;(0.625&#8243;)<\/td>\n<td>Redondo\/Triplano<\/td>\n<td>Punta de tornillo<\/td>\n<td>1\/4&#8243;<\/td>\n<td>3\/16&#8243;<\/td>\n<td>54&#8243;<\/td>\n<td>53&#8243;<\/td>\n<td>Madera<\/td>\n<\/tr>\n<tr>\n<td>3\/4&#8243;(0.75&#8243;)<\/td>\n<td>Redondo\/Triplano<\/td>\n<td>Punta de tornillo<\/td>\n<td>1\/4&#8243;<\/td>\n<td>1\/4&#8243;<\/td>\n<td>54&#8243;<\/td>\n<td>53&#8243;<\/td>\n<td>Madera<\/td>\n<\/tr>\n<tr>\n<td>1&#8243;(1&#8243;)<\/td>\n<td>Redondo\/Triplano<\/td>\n<td>Punta de tornillo<\/td>\n<td>1\/4&#8243;<\/td>\n<td>1\/4&#8243;<\/td>\n<td>54&#8243;<\/td>\n<td>53&#8243;<\/td>\n<td>Madera<\/td>\n<\/tr>\n<tr>\n<td><\/td>\n<td><\/td>\n<td><\/td>\n<td><\/td>\n<td><\/td>\n<td><\/td>\n<td><\/td>\n<td><\/td>\n<\/tr>\n<tr>\n<td>Pulgadas Tama\u00f1o Di\u00e1metro<\/td>\n<td>Tipo de v\u00e1stago<\/td>\n<td>Tipo de punta<\/td>\n<td>Tama\u00f1o del v\u00e1stago<\/td>\n<td>Di\u00e1metro del eje<\/td>\n<td>Longitud total<\/td>\n<td>Profundidad m\u00e1xima de perforaci\u00f3n<\/td>\n<td>para usado en<\/td>\n<\/tr>\n<tr>\n<td>3\/8&#8243;(0.375&#8243;)<\/td>\n<td>Redondo\/Triplano<\/td>\n<td>Punta de tornillo<\/td>\n<td>3\/16&#8243;<\/td>\n<td>3\/16&#8243;<\/td>\n<td>72&#8243;<\/td>\n<td>71&#8243;<\/td>\n<td>Madera<\/td>\n<\/tr>\n<tr>\n<td>1\/2&#8243;(0.5&#8243;)<\/td>\n<td>Redondo\/Triplano<\/td>\n<td>Punta de tornillo<\/td>\n<td>1\/4&#8243;<\/td>\n<td>3\/16&#8243;<\/td>\n<td>72&#8243;<\/td>\n<td>71&#8243;<\/td>\n<td>Madera<\/td>\n<\/tr>\n<tr>\n<td>9\/16&#8243;(0.5625&#8243;)<\/td>\n<td>Redondo\/Triplano<\/td>\n<td>Punta de tornillo<\/td>\n<td>1\/4&#8243;<\/td>\n<td>3\/16&#8243;<\/td>\n<td>72&#8243;<\/td>\n<td>71&#8243;<\/td>\n<td>Madera<\/td>\n<\/tr>\n<\/tbody>\n<\/table>","protected":false},"excerpt":{"rendered":"<p>Feature: Flexible drill bit that can help you drill holes through wood within a wall. It features a screw point tip that pulls the bit through wood. A convenient hole in the tip that allows for use with wire or cable pulling grips. The tapered back of the bit makes it easy to retrieve, and [&hellip;]<\/p>\n","protected":false},"featured_media":14796,"comment_status":"closed","ping_status":"closed","template":"","meta":{"_acf_changed":false,"_seopress_robots_primary_cat":"none","_seopress_titles_title":"Long Flexible Drill Bit for Wiring | 1\/2&quot; x 72&quot; Cable Bit","_seopress_titles_desc":"","_seopress_robots_index":"","site-sidebar-layout":"default","site-content-layout":"default","ast-site-content-layout":"default","site-content-style":"default","site-sidebar-style":"default","ast-global-header-display":"","ast-banner-title-visibility":"","ast-main-header-display":"","ast-hfb-above-header-display":"","ast-hfb-below-header-display":"","ast-hfb-mobile-header-display":"","site-post-title":"","ast-breadcrumbs-content":"","ast-featured-img":"","footer-sml-layout":"","ast-disable-related-posts":"","theme-transparent-header-meta":"default","adv-header-id-meta":"","stick-header-meta":"","header-above-stick-meta":"","header-main-stick-meta":"","header-below-stick-meta":"","astra-migrate-meta-layouts":"default","ast-page-background-enabled":"default","ast-page-background-meta":{"desktop":{"background-color":"","background-image":"","background-repeat":"repeat","background-position":"center center","background-size":"auto","background-attachment":"scroll","background-type":"","background-media":"","overlay-type":"","overlay-color":"","overlay-opacity":"","overlay-gradient":""},"tablet":{"background-color":"","background-image":"","background-repeat":"repeat","background-position":"center center","background-size":"auto","background-attachment":"scroll","background-type":"","background-media":"","overlay-type":"","overlay-color":"","overlay-opacity":"","overlay-gradient":""},"mobile":{"background-color":"","background-image":"","background-repeat":"repeat","background-position":"center center","background-size":"auto","background-attachment":"scroll","background-type":"","background-media":"","overlay-type":"","overlay-color":"","overlay-opacity":"","overlay-gradient":""}},"ast-content-background-meta":{"desktop":{"background-color":"var(--ast-global-color-5)","background-image":"","background-repeat":"repeat","background-position":"center center","background-size":"auto","background-attachment":"scroll","background-type":"","background-media":"","overlay-type":"","overlay-color":"","overlay-opacity":"","overlay-gradient":""},"tablet":{"background-color":"var(--ast-global-color-5)","background-image":"","background-repeat":"repeat","background-position":"center center","background-size":"auto","background-attachment":"scroll","background-type":"","background-media":"","overlay-type":"","overlay-color":"","overlay-opacity":"","overlay-gradient":""},"mobile":{"background-color":"var(--ast-global-color-5)","background-image":"","background-repeat":"repeat","background-position":"center center","background-size":"auto","background-attachment":"scroll","background-type":"","background-media":"","overlay-type":"","overlay-color":"","overlay-opacity":"","overlay-gradient":""}}},"product_brand":[],"product_cat":[23],"product_tag":[],"class_list":{"0":"post-14794","1":"product","2":"type-product","3":"status-publish","4":"has-post-thumbnail","6":"product_cat-wood-auger-drill-bits","7":"desktop-align-left","8":"tablet-align-left","9":"mobile-align-left","11":"first","12":"instock","13":"shipping-taxable","14":"product-type-simple"},"acf":[],"_links":{"self":[{"href":"https:\/\/www.tenyutool.com\/espanol\/wp-json\/wp\/v2\/product\/14794","targetHints":{"allow":["GET"]}}],"collection":[{"href":"https:\/\/www.tenyutool.com\/espanol\/wp-json\/wp\/v2\/product"}],"about":[{"href":"https:\/\/www.tenyutool.com\/espanol\/wp-json\/wp\/v2\/types\/product"}],"replies":[{"embeddable":true,"href":"https:\/\/www.tenyutool.com\/espanol\/wp-json\/wp\/v2\/comments?post=14794"}],"wp:featuredmedia":[{"embeddable":true,"href":"https:\/\/www.tenyutool.com\/espanol\/wp-json\/wp\/v2\/media\/14796"}],"wp:attachment":[{"href":"https:\/\/www.tenyutool.com\/espanol\/wp-json\/wp\/v2\/media?parent=14794"}],"wp:term":[{"taxonomy":"product_brand","embeddable":true,"href":"https:\/\/www.tenyutool.com\/espanol\/wp-json\/wp\/v2\/product_brand?post=14794"},{"taxonomy":"product_cat","embeddable":true,"href":"https:\/\/www.tenyutool.com\/espanol\/wp-json\/wp\/v2\/product_cat?post=14794"},{"taxonomy":"product_tag","embeddable":true,"href":"https:\/\/www.tenyutool.com\/espanol\/wp-json\/wp\/v2\/product_tag?post=14794"}],"curies":[{"name":"wp","href":"https:\/\/api.w.org\/{rel}","templated":true}]}}